
True
Is 1790443 prime?
True
Is 13364777 composite?
False
Is 10286617 prime?
False
Is 27640663 a prime number?
True
Is 4700173 a composite number?
True
Is 3381463 prime?
True
Is 4328381 composite?
True
Is 72872131 prime?
True
Is 30283031 composite?
False
Is 644749741 a composite number?
True
Is 193920721 prime?
True
Is 135997223 a prime number?
True
Is 16205437 composite?
True
Is 13586351 a composite number?
False
Is 58606867 prime?
False
Is 664286773 composite?
False
Is 29782461 composite?
True
Is 69841113 a prime number?
False
Is 1176408833 prime?
True
Is 11848535 composite?
True
Is 74653 a composite number?
False
Is 183481769 a composite number?
False
Is 25646879 composite?
True
Is 13789519 a prime number?
False
Is 1420709 composite?
True
Is 279185765 prime?
False
Is 252718279 composite?
True
Is 32378933 a composite number?
False
Is 3426601 a composite number?
False
Is 4171199 composite?
True
Is 159958603 prime?
False
Is 45649157 prime?
False
Is 224382271 prime?
True
Is 243973 a prime number?
True
Is 87412253 a prime number?
True
Is 4007513 a composite number?
False
Is 11762038 composite?
True
Is 1415339 composite?
False
Is 721379 a composite number?
False
Is 1011063903 prime?
False
Is 2944379 composite?
False
Is 59659319 a composite number?
False
Is 11670851 composite?
False
Is 193289351 a composite number?
True
Is 10890359 a composite number?
True
Is 8363053 composite?
True
Is 896999 a prime number?
False
Is 253646 a composite number?
True
Is 12082703 prime?
False
Is 6647659 a composite number?
True
Is 5804129 composite?
False
Is 24391527 a composite number?
True
Is 18124777 composite?
True
Is 188076643 a composite number?
True
Is 1123197 prime?
False
Is 186082469 composite?
False
Is 8535019 prime?
False
Is 386687594 a composite number?
True
Is 2883605 a composite number?
True
Is 149538014 composite?
True
Is 74715911 prime?
False
Is 2884129 a prime number?
True
Is 844744661 prime?
True
Is 85814459 a composite number?
False
Is 43512601 prime?
False
Is 5021729 a prime number?
True
Is 7824433 composite?
False
Is 131846999 a prime number?
False
Is 153371899 a prime number?
True
Is 134726833 prime?
True
Is 2749039 a prime number?
False
Is 41554493 prime?
True
Is 32929991 composite?
False
Is 2000209 composite?
False
Is 60749899 composite?
True
Is 48263041 composite?
False
Is 8315063 composite?
False
Is 10041961 a composite number?
True
Is 231170613 a composite number?
True
Is 2488723 composite?
False
Is 77173709 composite?
True
Is 2606155 a composite number?
True
Is 1596311 a prime number?
True
Is 7049809 a prime number?
False
Is 42474181 composite?
True
Is 31958081 prime?
True
Is 1088603 composite?
False
Is 514307 prime?
False
Is 274112933 a prime number?
False
Is 11740307 a composite number?
True
Is 159973481 a composite number?
False
Is 13757309 composite?
False
Is 4940263 prime?
True
Is 83351 a composite number?
True
Is 12386573 prime?
True
Is 4824721 composite?
True
Is 58140223 composite?
False
Is 46425421 prime?
False
Is 104888613 a composite number?
True
Is 73011017 composite?
True
Is 10378061 a composite number?
False
Is 16168397 prime?
False
Is 4326533 a prime number?
True
Is 7530617 a prime number?
True
Is 15016189 a composite number?
False
Is 138167389 a prime number?
False
Is 31197421 a composite number?
False
Is 39194089 a prime number?
False
Is 6924851 a prime number?
False
Is 27142559 composite?
False
Is 820634 composite?
True
Is 15730097 a prime number?
True
Is 37089293 prime?
False
Is 375064961 a prime number?
True
Is 7798883 prime?
False
Is 6463195 a prime number?
False
Is 5922251 a composite number?
False
Is 18537691 a composite number?
False
Is 24264299 a composite number?
False
Is 247938403 prime?
False
Is 15517373 a prime number?
True
Is 22233163 a composite number?
True
Is 5854357 composite?
False
Is 115124707 prime?
True
Is 3224401 composite?
False
Is 324892297 prime?
True
Is 49257953 composite?
False
Is 64999729 a composite number?
False
Is 54428629 a prime number?
True
Is 216869 composite?
True
Is 40896539 a prime number?
False
Is 13826539 a prime number?
True
Is 25477409 prime?
True
Is 1367917 a prime number?
False
Is 2928961 a prime number?
False
Is 3197555 composite?
True
Is 3909583 composite?
True
Is 508016371 composite?
False
Is 18302663 a composite number?
False
Is 3003683 prime?
False
Is 2030489 prime?
True
Is 34699097 a composite number?
False
Is 154871786 a prime number?
False
Is 66396511 a composite number?
False
Is 11685139 prime?
False
Is 121863059 prime?
False
Is 19478531 composite?
False
Is 1460567 a prime number?
True
Is 45631021 composite?
False
Is 924967 a composite number?
False
Is 1449109 a prime number?
False
Is 15708107 composite?
False
Is 86815103 a composite number?
False
Is 726383 prime?
False
Is 405682 a composite number?
True
Is 54636251 prime?
True
Is 20458069 a prime number?
True
Is 671514451 a composite number?
False
Is 346033 composite?
True
Is 136783243 composite?
True
Is 9718091 composite?
True
Is 2476211 prime?
False
Is 68699867 prime?
False
Is 37467533 prime?
False
Is 106237595 composite?
True
Is 1699673 a composite number?
True
Is 16395913 prime?
False
Is 2313523 composite?
True
Is 142151 composite?
False
Is 20390294 composite?
True
Is 199334337 prime?
False
Is 691626513 a prime number?
False
Is 347139607 a prime number?
False
Is 467603 prime?
False
Is 96686033 composite?
False
Is 16391647 composite?
True
Is 76823501 a prime number?
False
Is 1956353 prime?
False
Is 2775459 a composite number?
True
Is 129483037 prime?
True
Is 3764221 a composite number?
True
Is 4143467 a composite number?
False
Is 100646771 a prime number?
False
Is 65201797 a prime number?
False
Is 124028287 a composite number?
False
Is 4181129 a composite number?
False
Is 439297 composite?
True
Is 24945799 a composite number?
False
Is 1273001845 a composite number?
True
Is 10143583 prime?
True
Is 470131 prime?
True
Is 879223 composite?
True
Is 83106469 a prime number?
True
Is 430487 composite?
False
Is 480287 prime?
True
Is 5699755 a prime number?
False
Is 5832247 a composite number?
True
Is 3629203 composite?
False
Is 12082771 composite?
False
Is 82200103 a prime number?
True
Is 173039 prime?
True
Is 573799 prime?
False
Is 8001029 a composite number?
False
Is 15477437 a composite number?
True
Is 26181907 composite?
False
Is 648013 a prime number?
False
Is 1002431 a composite number?
True
Is 340360729 a prime number?
False
Is 2437813 prime?
False
Is 71332841 a prime number?
True
Is 6901502 a prime number?
False
Is 28162691 a composite number?
False
Is 25948379 prime?
True
Is 12363271 composite?
False
Is 990469 prime?
True
Is 230998 a prime number?
False
Is 12274071 a composite number?
True
Is 230449 a prime number?
True
Is 175565743 composite?
False
Is 6705397 composite?
True
Is 101719 a prime number?
True
Is 25432213 a prime number?
True
Is 432372695 prime?
False
Is 16574069 a prime number?
True
Is 251317873 composite?
True
Is 30597629 a prime number?
True
Is 9042797 composite?
False
Is 1009957 composite?
True
Is 1735199 composite?
False
Is 27049969 prime?
True
Is 3211537 a prime number?
False
Is 1214498195 composite?
True
Is 393959359 prime?
True
Is 359213 prime?
False
Is 3751697 a prime number?
False
Is 12651161 a composite number?
False
Is 52263937 prime?
False
Is 35830819 composite?
False
Is 223197197 a prime number?
True
Is 71547149 a composite number?
False
Is 6341141 a composite number?
True
Is 51858899 prime?
True
Is 15496259 composite?
False
Is 15282562 composite?
True
Is 186559699 composite?
False
Is 2528087 a composite number?
True
Is 11937091 a prime number?
True
Is 245339 prime?
True
Is 482497 a prime number?
False
Is 497045 prime?
False
Is 539405 composite?
True
Is 27736717 a prime number?
False
Is 7897613 a composite number?
True
Is 42108389 composite?
True
Is 616549 a composite number?
True
Is 44797657 a prime number?
True
Is 3186227 a prime number?
False
Is 2201869 a composite number?
True
Is 5897533 composite?
True
Is 7007459 a prime number?
True
Is 163124578 a composite number?
True
Is 37626053 prime?
True
Is 44423207 a prime number?
False
Is 2381199 a composite number?
True
Is 46401743 prime?
False
Is 51278153 composite?
False
Is 12813997 a composite number?
True
Is 176925731 a composite numb